of 10716 and 44517.
57
What is the greatest common divisor of 292 and 89906581?
73
Calculate the greatest common divisor of 10581696 and 864.
288
Calculate the greatest common factor of 307812 and 7308492.
2724
What is the highest common factor of 14195 and 3833485?
835
What is the highest common factor of 2651990 and 14410?
110
What is the greatest common divisor of 48786 and 2803362?
282
Calculate the greatest common factor of 166660 and 226708880.
12820
What is the highest common divisor of 128492660 and 4192?
524
Calculate the greatest common divisor of 492 and 1465044.
12
What is the highest common divisor of 17 and 7974173?
17
Calculate the highest common divisor of 3344 and 432782.
38
What is the greatest common divisor of 2015379 and 704367?
549
What is the highest common divisor of 58226 and 6630?
2
What is the highest common divisor of 6588 and 601884?
108
What is the greatest common divisor of 2515590 and 37510?
1210
Calculate the greatest common divisor of 696 and 3566478.
174
What is the greatest common divisor of 1660 and 916735?
415
Calculate the greatest common divisor of 304 and 21368084.
76
What is the highest common factor of 2967111 and 95823?
567
What is the highest common factor of 28708 and 75825005?
7177
What is the highest common divisor of 11234335 and 181405?
2555
What is the greatest common factor of 8 and 245427592?
8
What is the greatest common factor of 1346734 and 8136?
226
What is the greatest common divisor of 4480 and 53821460?
140
What is the greatest common factor of 111 and 8137447?
37
Calculate the greatest common divisor of 29031 and 759992872.
9677
Calculate the greatest common divisor of 315 and 217134855.
315
What is the highest common factor of 2709021 and 861?
21
What is the greatest common factor of 121512 and 84743?
83
What is the greatest common factor of 7157 and 795719?
17
Calculate the highest common divisor of 7917 and 11973897.
1131
What is the greatest common factor of 199536 and 6106633?
4157
What is the greatest common divisor of 7448 and 144576852?
3724
What is the greatest common divisor of 13468 and 36573316?
1924
Calculate the greatest common factor of 3826 and 2144473.
1913
What is the greatest common factor of 162298308 and 305?
61
What is the greatest common factor of 2684 and 3544893?
671
What is the highest common factor of 4044 and 1444195976?
1348
Calculate the highest common divisor of 519251 and 5776.
19
What is the greatest common divisor of 13168 and 53466195?
823
Calculate the highest common divisor of 63 and 2168313.
21
What is the highest common divisor of 17830 and 476?
2
What is the greatest common divisor of 12 and 879651108?
12
Calculate the greatest common factor of 852 and 128334.
6
What is the greatest common factor of 6 and 584169?
3
Calculate the highest common divisor of 4439222 and 4584.
382
Calculate the highest common divisor of 65101701 and 5124.
1281
Calculate the highest common divisor of 2082 and 2256.
6
Calculate the greatest common divisor of 31173714 and 561.
33
Calculate the highest common divisor of 10632141 and 195.
39
Calculate the highest common divisor of 42 and 82734.
6
What is the highest common divisor of 1064224 and 2464?
224
Calculate the greatest common divisor of 4603088 and 5110.
1022
Calculate the greatest common factor of 130 and 119727764.
26
What is the greatest common divisor of 378 and 145423782?
378
Calculate the greatest common factor of 118 and 82173725.
59
What is the highest common divisor of 87823 and 62?
31
What is the highest common divisor of 6611 and 42317?
11
Calculate the highest common divisor of 159620384 and 24640.
2464
Calculate the highest common factor of 10800 and 1301200.
400
What is the highest common divisor of 4736 and 402930?
74
Calculate the highest common factor of 96 and 1850409312.
96
Calculate the greatest common factor of 64396 and 8636.
68
What is the highest common factor of 223209 and 4728724?
8267
What is the greatest common divisor of 43737796 and 1244?
1244
What is the greatest common divisor of 880330 and 13310?
110
What is the greatest common divisor of 13197132 and 585?
117
Calculate the greatest common factor of 43260 and 504353920.
14420
What is the highest common factor of 43625 and 540625?
125
Calculate the highest common divisor of 25457362 and 141.
47
What is the highest common factor of 371811696 and 9952?
4976
Calculate the highest common divisor of 29801 and 136731.
17
What is the highest common factor of 3570 and 11061498?
42
What is the highest common factor of 1456592 and 219106?
3086
What is the greatest common divisor of 408 and 14413416?
408
What is the highest common divisor of 4572 and 2568708?
36
What is the greatest common factor of 73440 and 17510?
170
What is the greatest common divisor of 38727 and 93611765?
4303
Calculate the highest common factor of 4553 and 7069243.
29
What is the greatest common divisor of 64120 and 84830?
10
Calculate the greatest common factor of 714 and 2166021.
51
What is the greatest common divisor of 7599 and 1355751?
447
Calculate the greatest common divisor of 65930 and 141170.
190
What is the highest common divisor of 45490 and 755?
5
Calculate the greatest common factor of 396314850 and 30225.
2325
What is the greatest common divisor of 492 and 12385772?
164
What is the greatest common divisor of 153384 and 1419264?
1848
Calculate the greatest common factor of 1473141 and 27881.
569
What is the greatest common factor of 21 and 3540586?
7
Calculate the greatest common divisor of 290 and 2189430.
10
Calculate the greatest common divisor of 1088 and 16240984.
136
What is the greatest common factor of 7084 and 52073252?
308
Calculate the highest common factor of 120 and 8994260.
20
Calculate the highest common factor of 373174371 and 729.
729
What is the greatest common factor of 12993000 and 179950?
3050
Calculate the greatest common divisor of 1268948 and 19312.
68
Calculate the highest common factor of 42914 and 214.
2
What is the highest common divisor of 7337 and 4447234?
253
Calculate the highest common divisor of 18068471 and 43.
43
Calculate the highest common factor of 253 and 890830963.
253
What is the greatest common factor of 348 and 1794955?
29
Calculate the highest common factor of 9760840 and 460.
20
What is the highest common factor of 162 and 231543846?
162
What is the greatest common divisor of 12756861 and 12228?
3057
Calculate the greatest common divisor of 5996 and 3934875.
1499
Calculate the greatest common divisor of 2069008 and 3.
1
Calculate the greatest common factor of 616 and 2365580.
28
Calculate the greatest common divisor of 474454845 and 12555.
1395
Calculate the highest common factor of 1936 and 342128.
16
Calculate the highest common factor of 420 and 3777837.
21
Calculate the highest common divisor of 1630044 and 10.
2
What is the greatest common factor of 2605 and 1635?
5
Calculate the highest common divisor of 39 and 49004774.
13
Calculate the greatest common divisor of 448057408 and 536.
536
What is the greatest common factor of 214270240 and 32?
32
Calculate the greatest common factor of 218865 and 19455.
15
What is the highest common factor of 35490 and 240045?
195
What is the highest common divisor of 208806 and 12207?
39
What is the highest common factor of 5 and 1112047?
1
What is the greatest common divisor of 733648 and 48?
16
Calculate the highest common factor of 342 and 22565502.
342
Calculate the highest common factor of 23565932 and 27706.
3958
Calculate the greatest common factor of 76760 and 24245050.
1010
Calculate the greatest common factor of 41038663 and 35793.
3977
Calculate the highest common factor of 106463 and 3024581.
469
Calculate the greatest common factor of 368034917 and 2097.
233
What is the greatest common divisor of 63904 and 40032?
32
Calculate the highest common divisor of 199546060 and 40810.
3710
Calculate the highest common divisor of 48461 and 2461.
23
Calculate the highest common divisor of 50688 and 898821.
99
What is the greatest common factor of 63520 and 301616780?
7940
What is the highest common divisor of 234 and 6952023?
117
What is the highest common divisor of 691151916 and 273?
273
Calculate the greatest common factor of 126 and 392658.
42
What is the grea